se 5*c - 19*c + 4102 = 0. Is c a composite number?
False
Let p = 716 - -5495. Is p composite?
False
Let r(p) = -p**3 + 3*p**2 + 12*p - 5. Let d be r(5). Suppose d*b - 2*b = -15. Let x = 74 - b. Is x composite?
False
Let q(n) be the second derivative of -3*n**5/20 + n**2/2 - 3*n. Let f be q(-1). Suppose 2*d = j - 2*j + 1479, 0 = f*j - 20. Is d a prime number?
False
Suppose -p + 3*l + 23 = 0, -2*p + 4*l = l - 58. Suppose 5*x - p = 5*d, -2*x - 4*d + 2*d = -6. Suppose 60 = x*g - 635. Is g a composite number?
False
Let f = 16307 + -11328. Is f composite?
True
Let v(w) = 2*w**2 - 17*w + 7. Let k(a) = 4*a**2 - 34*a + 14. Let y(j) = 3*k(j) - 5*v(j). Is y(-12) a composite number?
False
Let m be 10/(-15)*(4 + -1) + 7. Is (-4)/(-5) - (-5191)/m a composite number?
False
Let l = 86 - 343. Let t = 156 - l. Is t prime?
False
Let g = -1741 - -5730. Is g prime?
True
Suppose -1 = 3*a - 2*a. Let i be (1 - a) + (-24)/(-8). Suppose -i*f - p + 425 = 0, -4*f + 170 = -2*f + 2*p. Is f composite?
True
Suppose -40 = -o - 3*o + 3*l, 3*o + l = 17. Let s = 6 - o. Is 2/((-1)/s) + 29 composite?
False
Let p(t) = 10*t + 9. Let q be p(8). Let g = q - -106. Suppose 4*d - 2*r - 816 = 0, d - 4*r - r - g = 0. Is d a prime number?
False
Suppose -62*t = -57*t - 114635. Is t prime?
False
Is 5 + (914/1 - (-4 - -4)) prime?
True
Suppose -5*r + 74 = -51. Suppose 5*n - 5*k - r = 0, -2*k - 19 = n - 6*n. Suppose -n*t + 6*t = 237. Is t prime?
True
Suppose -3*m = -8*m - 3280. Let f = 1407 + m. Is f a composite number?
False
Suppose -4*v - 8 = -4*d, v = 3*d + 4*v - 18. Suppose d*s - 3670 = 2*s. Is s composite?
True
Is 2183 - ((-1 - -2) + 123/41) prime?
True
Let h be (-1)/(-2)*-1*-6. Let b be -372 - 3/h - -3. Let a = 687 + b. Is a prime?
True
Let p = -1151 + 6190. Is p a prime number?
True
Let n be (-110)/6 - (-6)/(-9). Let d = 66 - n. Is d prime?
False
Suppose 16 = 4*s + x, 4*s + 11 = 5*x + 3. Suppose -s*t + 32 + 9 = l, 2*t = -3*l + 137. Is l a prime number?
True
Suppose 5*a - 56 = 4*a. Suppose -8*j + 9*j = a. Suppose 4*u - j + 0 = 0. Is u prime?
False
Let y = -428 - -801. Is y a composite number?
False
Let y(f) = 414*f - 77. Let g be y(6). Suppose -g = -3*d + t + 3*t, 2*t = 3*d - 2417. Is d prime?
True
Let v = 57 - -75. Suppose 4*d + v = 8*d. Is d a prime number?
False
Suppose -2*p - 4 = -2*x, -p + 5*x + 12 + 2 = 0. Is (74/p)/((-2)/66) a prime number?
False
Let r(u) = 191*u**3 - 5*u**2 - 9*u + 14. Is r(5) prime?
True
Let q(d) = 2*d**2 - 4*d - 3. Let f be q(4). Suppose -3*u + 2 = -f. Suppose -u*y + 128 + 167 = 0. Is y prime?
True
Let v = -250 + 56. Suppose 2*y + 40 = 7*y. Is (v/(-8))/(y/32) prime?
True
Is (-2 - 3/3) + 66876/3 a prime number?
False
Let v be (-2)/(4/1) + (-30148)/(-8). Suppose -4*g = 4*g - v. Is g a composite number?
True
Is 3/(-4) + 15167*5/20 prime?
False
Let i = -6211 - -10200. Is i a composite number?
False
Suppose -24170 + 2749 = -4*t + 3*x, 3*x + 5362 = t. Is t a composite number?
True
Suppose 25*m - 853 - 1972 = 0. Is m composite?
False
Is (-1)/2 - (-1030032)/96 prime?
True
Let g = 174 - -80. Is g a composite number?
True
Suppose -4*i - 19968 = -5*w + 230171, 5*w = -4*i + 250131. Is w a prime number?
False
Let u be (3 - 0) + 1 + -1. Suppose u = y + 8. Let g = 62 - y. Is g prime?
True
Suppose 2*s - 10 = -0*f - 2*f, -f + 1 = -s. Let a(j) = 156*j + 1. Is a(f) composite?
True
Let r = 21 - 21. Suppose -2*m + 5*m - 2127 = -u, r = 5*m - u - 3537. Suppose -6*v = -2*v - m. Is v a prime number?
False
Let u(x) = -x**3 - x**2 + 4*x - 2. Let k be u(-3). Suppose 4*s - 688 = -h - 3*h, 728 = k*h - 4*s. Is h composite?
True
Let n(f) be the second derivative of 83/6*f**3 - 5*f + 0 + 0*f**2. Is n(1) a composite number?
False
Suppose i = 2*o + 2054 + 932, 3*i = -4*o + 8918. Suppose 3*m = -553 - i. Let q = 1734 + m. Is q a prime number?
True
Suppose 4*x - 389 = -3*n + 478, -3*n + x = -882. Is n prime?
True
Suppose 13*k - 16*k = -678. Let t = k - 82. Suppose 0 = 4*m + 4 - t. Is m a composite number?
True
Let q(i) = i**3 - 15*i**2 + 27*i - 5. Let d be q(13). Is 2095/(-20)*d/(-2) prime?
True
Let t(z) be the second derivative of z**5/20 - 5*z**4/4 - 7*z**3/6 + 5*z**2/2 + 8*z. Suppose -p = -0*p - 16. Is t(p) prime?
True
Suppose -2*n - 30659 = -3*z, -4*z = n - 3118 - 37779. Is z composite?
False
Is 4/(-12)*-14303*(0 + 3) a prime number?
True
Let t(s) = 85*s - 1. Let i be t(4). Is i/(-3)*(-6)/3 a composite number?
True
Let f be 4/14 + 1287/(-21). Let g = f - -312. Is g a composite number?
False
Let y be (1077/6 - 1)*2. Let h = y + -248. Is h a composite number?
False
Suppose -151*w + 128*w + 503493 = 0. Is w a prime number?
False
Let y(r) = -r**3 - 7*r**2 - r + 8. Let n be y(-6). Let m(o) = -o**2 - 2*o. Let i be m(-2). Let x = i - n. Is x composite?
True
Let y(o) = 47*o + 2. Let b(s) be the first derivative of -s**2/2 - 3*s - 2. Let p be b(-8). Is y(p) a composite number?
True
Suppose 14*n - 552290 = -47800. Is n a prime number?
False
Suppose m + 27312 = 4*m. Suppose m = 5*o - 4791. Is o a prime number?
False
Suppose 4*v - 1531 = -13*t + 12*t, 1536 = 4*v - 4*t. Is v prime?
True
Is ((-21188)/10)/(2/(-5)) prime?
True
Let h(s) = 83*s**2 + 28*s + 23. Is h(-6) composite?
False
Let p(u) = 4*u**2 - 2*u + 5. Let a(l) = -6 + 0 - 16 + 2 - 15*l**2 + 8*l. Let t(r) = 2*a(r) + 9*p(r). Is t(-3) prime?
False
Let o(p) = -209*p**3 + 2*p**2 + 7*p + 5. Is o(-3) a prime number?
False
Is (-30886)/(-6) + (-10)/15 a composite number?
False
Suppose 4*x = -c + 38, x - 7 = c - 0*c. Suppose 0 = -x*n + n + 4976. Is n a composite number?
True
Let z(o) = -o**3 + 4*o**2 + 35*o - 10. Suppose 0 = -6*p + 9*p - 24. Is z(p) composite?
True
Let z = -281 + 1252. Is z composite?
False
Let f = 3868 - 1764. Let x = -5872 + f. Is ((-1)/4)/(6/x) prime?
True
Suppose 734 - 3750 = -4*j. Let z = j + 628. Suppose -4*a + z = 2*m, -695 = -m + a - 4*a. Is m composite?
False
Suppose -c = -4*s + 14, -17 = 5*s - 10*s + c. Suppose 0 = s*r + o - 5, 4*r + 2*o = 7 + 3. Suppose 3*k + 150 - 624 = r. Is k a prime number?
False
Let h(n) = n**3 + 2*n**2 - 11*n + 3. Let c be h(3). Suppose 844 = -c*f + 17*f. Is f a composite number?
True
Suppose 0 = -3*v - 5*a + 372, -4*v + 3*a = -49 - 447. Let g(t) = -t**3 + 6*t**2 + t - 2. Let n be g(6). Suppose -232 - v = -n*m. Is m prime?
True
Suppose 2067 = -a + 3868. Is a composite?
False
Let z(w) = -w**3 - 1. Let s be z(1). Let r be (-2)/s*1008/12. Suppose -r + 25 = -t. Is t composite?
False
Suppose 0 = -5*z - 2*g + g + 54, 4*g + 4 = 0. Let p = 23 + z. Is p prime?
False
Let r = 15444 - -2125. Is r prime?
True
Suppose 18 = 3*n + 3*n. Suppose x = -n*y + 3*x + 1225, -5*x + 5 = 0. Is y composite?
False
Let r be 163/((-11)/(-13) + (-12)/(-78)). Let x be -1 + 21 + (-3)/(-3). Suppose 0 = 2*p - p + 5*z - x, -4*z = -5*p + r. Is p a prime number?
True
Suppose 2*i + 2205 = 3*g, -g + 3*i = 5*i - 743. Is g a composite number?
True
Let c = 8580 + -5989. Let y(o) = -18*o - 392. Let n be y(-22). Suppose 0 = n*b + 4, c = -t + 4*t - 2*b. Is t a composite number?
False
Suppose 4*o = 13 + 3. Suppose -2*x = -2*z + 5076, -o*x - 6927 = -2*z - 1855. Suppose 11*l = 7*l + z. Is l a prime number?
False
Let i = 557 - 446. Is i composite?
True
Let b(c) = c + 53. Suppose 6*f - 7*f + 16 = 0. Suppose -4*t - f = -d, 3*t = d + 3*d - 12. Is b(d) composite?
False
Suppose 115 - 43 = v - 3*u, -3*v + 5*u + 216 = 0. Let g = v + -5. Is g prime?
True
Suppose 0 = -2*f - 3*f - 4*l + 8, 10 = f + 5*l. Suppose d - 8 = -d. Suppose 5*v - 3638 = -4*x - f*v, -3*v - 3622 = -d*x. Is x composite?
False
Let o be 3 + -2 + 2947/7. Suppose -8*m + o = -7*m. Is m prime?
False
Let w = -1126 - -3057. Is w prime?
True
Let o(v) = 64*v + 22. Let r be o(5). Suppose r = 7*s - 1079. Is s a composite number?
True
Suppose -4*u - 5*h = -37, -3*u - 2 + 6 = -h. Suppose 2*w + 3*w = 2*z + 108, -69 = -3*w - u*z. Is w/(-33) + (-1978)/(-6) a composite number?
True
Let n(t) = 14*t**2 - 35*t + 215. Is n(28) a prime number?
True
Let m(q) = 9*q**3 - 6*q**2 + 2*q - 5. Let s be m(4). Is -1 - ((-9)/3 - s) a prime number?
False
Let u(r) = 5*r + 1. Let f be u(20). Let h = -39 + f. Is h a composite number?
True
Suppose s - 5*a + 3776 = 2*s, -3*s = 3*a - 11292. Is s a prime number?
True
Suppose -4*t - 3900 = -2*y + 4594, -5*y + 4*t + 21253 = 0. Is y a composite number?
False
Let c(y) = 160*y**2 - 4*y - 13. 